 175?
25
Calculate the highest common factor of 146960 and 20.
20
Calculate the highest common divisor of 2443 and 17799.
349
Calculate the highest common divisor of 174832 and 1338.
446
What is the highest common factor of 6925 and 2525?
25
What is the highest common factor of 42 and 58359?
21
Calculate the highest common divisor of 275288 and 65.
13
Calculate the greatest common divisor of 13872 and 952.
136
What is the greatest common factor of 964831 and 14?
7
What is the greatest common factor of 3 and 3208?
1
What is the greatest common factor of 30599 and 73603?
827
Calculate the greatest common factor of 136 and 807224.
8
What is the greatest common divisor of 464370 and 10?
10
Calculate the highest common divisor of 5368 and 14344.
88
What is the greatest common divisor of 3060 and 1332460?
340
Calculate the highest common factor of 62023 and 8281.
169
What is the greatest common divisor of 231 and 1143?
3
What is the greatest common divisor of 716 and 124226?
358
What is the highest common factor of 192 and 11304?
24
What is the greatest common factor of 64 and 470?
2
Calculate the greatest common factor of 185856 and 192.
192
Calculate the greatest common factor of 1484 and 194192.
212
Calculate the highest common divisor of 16428 and 122.
2
Calculate the highest common divisor of 28 and 6265.
7
What is the greatest common divisor of 192 and 64752?
48
Calculate the highest common factor of 35189 and 308.
77
What is the greatest common divisor of 7310 and 1190?
170
What is the greatest common divisor of 19125 and 768375?
1125
What is the greatest common factor of 1610 and 6601?
161
Calculate the greatest common factor of 10220 and 8.
4
What is the greatest common divisor of 245 and 435890?
35
What is the greatest common factor of 21274 and 99?
11
What is the highest common factor of 282861 and 3339?
477
Calculate the highest common divisor of 2090 and 1615.
95
Calculate the highest common factor of 641395 and 185.
185
Calculate the highest common factor of 78 and 6228.
6
What is the greatest common factor of 11 and 4141?
1
What is the highest common factor of 846 and 12314?
94
Calculate the highest common factor of 7088 and 3804484.
1772
What is the greatest common divisor of 9436 and 322?
14
What is the highest common factor of 32 and 148?
4
What is the highest common factor of 140248 and 2914?
94
What is the highest common factor of 33267 and 1664?
13
What is the highest common divisor of 70623 and 44289?
1197
What is the greatest common divisor of 53 and 28037?
53
Calculate the greatest common factor of 27 and 170721.
27
What is the highest common factor of 323510 and 85?
85
Calculate the highest common divisor of 64 and 71248.
16
Calculate the highest common divisor of 7553 and 1183.
91
What is the greatest common divisor of 126600 and 8?
8
What is the highest common factor of 4429 and 43?
43
What is the greatest common divisor of 27612 and 2183?
59
Calculate the greatest common factor of 6565 and 3232.
101
Calculate the greatest common factor of 26945 and 309075.
1585
Calculate the greatest common divisor of 21 and 1425.
3
Calculate the greatest common divisor of 2043683 and 122.
61
What is the greatest common divisor of 6576 and 45484?
548
Calculate the highest common divisor of 2650 and 39538.
106
What is the greatest common factor of 749 and 235721?
107
Calculate the greatest common divisor of 48068 and 2684.
244
Calculate the greatest common factor of 972480 and 50.
10
What is the greatest common divisor of 25025 and 4420?
65
Calculate the highest common divisor of 1105139 and 7.
7
What is the greatest common factor of 44200 and 173264?
1768
Calculate the greatest common factor of 1416033 and 774.
387
Calculate the highest common factor of 548113 and 115.
23
What is the greatest common factor of 39996 and 24543?
909
What is the highest common divisor of 144 and 21618?
18
What is the highest common factor of 39 and 1920867?
39
What is the greatest common factor of 8478 and 9990?
54
Calculate the highest common divisor of 30216 and 136.
8
Calculate the greatest common factor of 5895 and 285.
15
Calculate the highest common divisor of 23518 and 71623.
1069
Calculate the highest common factor of 18252 and 1716.
156
What is the highest common factor of 98 and 22604974?
98
What is the highest common factor of 252 and 925596?
252
What is the greatest common divisor of 82 and 1715809?
41
What is the highest common divisor of 115 and 44712?
23
What is the greatest common divisor of 204745 and 5?
5
What is the greatest common factor of 1903319 and 44?
11
Calculate the highest common factor of 58 and 9947.
29
What is the highest common divisor of 104065 and 5?
5
What is the greatest common divisor of 113232 and 784?
112
What is the greatest common factor of 29932 and 76?
4
Calculate the greatest common divisor of 21074 and 4626.
514
What is the greatest common divisor of 3 and 6861?
3
Calculate the highest common divisor of 5 and 22725.
5
What is the highest common divisor of 17469 and 1944?
27
What is the greatest common divisor of 84 and 42581?
7
Calculate the greatest common factor of 301 and 2911100.
43
Calculate the highest common factor of 256 and 40896.
64
What is the greatest common factor of 86440 and 360?
40
Calculate the highest common divisor of 41000 and 1476.
164
What is the greatest common factor of 16560 and 39192?
552
What is the greatest common factor of 23679574 and 734?
734
What is the highest common divisor of 5505 and 435?
15
Calculate the greatest common factor of 15 and 245235.
15
What is the greatest common factor of 1204 and 28638?
86
Calculate the highest common divisor of 26784 and 1056.
96
Calculate the greatest common divisor of 782 and 734417.
17
Calculate the greatest common factor of 1241 and 3009.
17
What is the greatest common factor of 97818 and 816?
102
What is the greatest common divisor of 35438 and 8294?
754
Calculate the greatest common divisor of 19307 and 344.
43
What is the highest common divisor of 86191 and 2548?
49
What is the greatest common divisor of 14491 and 1?
1
What is the greatest common factor of 55 and 5045?
5
Calculate the greatest common divisor of 3627 and 65689.
403
Calculate the greatest common divisor of 5495 and 1629817.
1099
What is the highest common divisor of 356783 and 119?
7
What is the highest common divisor of 2100 and 168630?
210
What is the greatest common divisor of 126208 and 29?
29
Calculate the highest common factor of 6328 and 896.
56
Calculate the highest common divisor of 48515 and 93.
31
Calculate the highest common divisor of 41 and 34645.
41
Calculate the greatest common divisor of 151688 and 536.
536
Calculate the highest common divisor of 67328 and 832.
64
Calculate the greatest common factor of 748 and 470866.
374
Calculate the highest common factor of 9 and 1308609.
9
Calculate the greatest common factor of 129952 and 736.
32
Calculate the greatest common divisor of 6 and 23080.
2
Calculate the greatest common factor of 4921 and 2660.
133
What is the highest common divisor of 612 and 52068?
12
What is the greatest common divisor of 6921 and 2187?
9
Calculate the greatest common factor of 1296 and 25.
1
What is the highest common divisor of 19043 and 3973?
137
What is the greatest common divisor of 27982 and 34?
34
Calculate the greatest common factor of 1142 and 839941.
571
What is the highest common divisor of 1116 and 133524?
36
Calculate the highest common factor of 55726 and 9350.
374
What is the highest common factor of 1540 and 430?
10
Calculate the greatest common divisor of 9060 and 1320.
60
What is the highest common divisor of 5 and 114635?
5
What is the greatest common factor of 1606 and 73898?
22
What is the highest common factor of 938 and 9983?
67
What is the greatest common factor of 655 and 45?
5
Calculate the greatest common divisor of 2303 and 22589.
49
Calculate the greatest common divisor of 438 and 68.
2
Calculate the highest common divisor of 565225 and 575.
575
What is the greatest common factor of 44639 and 49?
49
Calculate the greatest common factor of 16064 and 64.
64
What is the highest common divisor of 20253 and 602?
43
Calculate the highest common divisor of 25454 and 445.
89
Calculate the highest common divisor of